 factor of 134 and 1623946?
134
Calculate the highest common factor of 708 and 5820.
12
What is the greatest common divisor of 1136 and 101956?
284
Calculate the highest common divisor of 10584 and 28728.
1512
What is the greatest common divisor of 565938 and 144?
18
Calculate the highest common factor of 10725 and 182039.
143
Calculate the highest common factor of 3 and 71733.
3
Calculate the highest common divisor of 7833 and 777.
21
What is the highest common divisor of 25509 and 51?
3
Calculate the greatest common factor of 1750 and 103450.
50
Calculate the greatest common divisor of 680 and 12546.
34
Calculate the highest common divisor of 15 and 1218765.
15
Calculate the greatest common divisor of 6513 and 1209.
39
What is the highest common factor of 13053 and 19923?
687
Calculate the highest common factor of 54568 and 104.
8
Calculate the greatest common factor of 33007 and 13.
13
What is the highest common factor of 519 and 31832?
173
What is the highest common divisor of 1963 and 133937?
151
Calculate the greatest common factor of 112 and 493808.
112
Calculate the highest common factor of 4928 and 812.
28
What is the greatest common divisor of 13464 and 629?
17
What is the highest common divisor of 310395 and 45?
15
What is the greatest common factor of 1445402 and 430?
86
What is the greatest common divisor of 48268 and 4?
4
What is the highest common factor of 80291 and 153?
17
Calculate the greatest common factor of 4370 and 239039.
437
What is the highest common factor of 97661 and 1403?
61
What is the highest common divisor of 34606 and 5226?
26
What is the greatest common factor of 82 and 494583?
41
What is the highest common divisor of 2419 and 52687?
59
Calculate the greatest common factor of 3589 and 292843.
97
Calculate the highest common factor of 6509 and 46.
23
Calculate the highest common factor of 1166 and 12296.
106
What is the greatest common factor of 829642 and 1419?
473
Calculate the highest common divisor of 1165 and 897283.
233
Calculate the greatest common divisor of 1584 and 23958.
198
What is the greatest common divisor of 5733349 and 1579?
1579
What is the highest common divisor of 1423698 and 6?
6
What is the highest common divisor of 21126 and 546?
42
What is the highest common factor of 123424 and 1120?
224
Calculate the greatest common divisor of 33 and 114983.
11
What is the greatest common factor of 6394 and 4?
2
What is the highest common factor of 482879 and 29?
29
Calculate the highest common divisor of 144 and 185994.
18
Calculate the highest common divisor of 137621 and 418.
11
Calculate the greatest common factor of 105 and 151494.
21
What is the highest common divisor of 528 and 12892?
44
What is the highest common divisor of 13601 and 1421?
203
Calculate the greatest common divisor of 18 and 61830.
18
Calculate the highest common factor of 794028 and 12.
12
Calculate the highest common factor of 63 and 6888.
21
Calculate the highest common factor of 698680 and 16.
8
What is the greatest common divisor of 7056564 and 204?
204
Calculate the greatest common divisor of 18901 and 41.
41
Calculate the highest common factor of 161 and 23107.
7
What is the greatest common divisor of 406576 and 80?
16
Calculate the highest common divisor of 628 and 518257.
157
Calculate the highest common factor of 7725 and 5871.
309
What is the highest common divisor of 19 and 587442?
19
Calculate the greatest common divisor of 1855 and 38584.
371
Calculate the greatest common divisor of 198 and 154572.
66
Calculate the greatest common divisor of 6275 and 500.
25
Calculate the highest common divisor of 3532464 and 884.
884
What is the highest common divisor of 17 and 1194097?
17
Calculate the highest common factor of 1476 and 2394.
18
What is the highest common factor of 2160 and 6880?
80
Calculate the highest common factor of 1016548 and 346.
346
What is the highest common divisor of 27625 and 1326?
221
What is the highest common factor of 17230 and 110?
10
Calculate the greatest common factor of 95166 and 4896.
306
What is the greatest common factor of 29841 and 84?
21
Calculate the highest common factor of 319231 and 55.
11
What is the greatest common factor of 19412 and 92?
92
Calculate the highest common factor of 7590 and 1815.
165
What is the greatest common divisor of 7684 and 68?
68
Calculate the greatest common divisor of 282630 and 20.
10
Calculate the highest common factor of 114578 and 1.
1
Calculate the greatest common divisor of 475 and 54450.
25
Calculate the highest common factor of 5715 and 4905.
45
What is the greatest common divisor of 88346 and 3912?
326
Calculate the highest common divisor of 198361 and 586.
293
Calculate the highest common divisor of 8512 and 108908.
76
Calculate the highest common divisor of 92338 and 10784.
674
Calculate the highest common divisor of 400 and 55.
5
What is the highest common factor of 675 and 17025?
75
What is the highest common factor of 783 and 12876?
87
What is the greatest common divisor of 1431425 and 1550?
775
Calculate the greatest common factor of 35197 and 183.
61
Calculate the greatest common divisor of 3887 and 98189.
169
Calculate the highest common divisor of 737628 and 12.
12
Calculate the highest common divisor of 1025815 and 18550.
1855
Calculate the highest common factor of 408 and 104652.
204
What is the highest common divisor of 37937 and 177?
59
Calculate the greatest common divisor of 178878 and 336.
42
What is the greatest common divisor of 17549 and 2093?
161
What is the greatest common factor of 3905 and 13860?
55
What is the highest common divisor of 1938 and 986?
34
What is the greatest common divisor of 4762660 and 35?
35
What is the highest common factor of 7712 and 656?
16
What is the highest common divisor of 48587 and 99?
11
What is the greatest common divisor of 2244 and 13634?
34
What is the highest common factor of 224341 and 39?
13
Calculate the greatest common divisor of 1690 and 28535.
65
Calculate the highest common divisor of 2456 and 904.
8
Calculate the greatest common divisor of 343 and 476.
7
Calculate the highest common factor of 5705 and 1015.
35
What is the greatest common factor of 54 and 77382?
54
What is the greatest common factor of 426 and 156626?
142
What is the highest common divisor of 50183 and 122087?
749
What is the highest common factor of 85 and 23579?
17
What is the highest common divisor of 671 and 90646?
61
Calculate the highest common divisor of 184723 and 77.
77
What is the greatest common factor of 705874 and 442?
442
What is the greatest common divisor of 331168 and 2358?
262
What is the greatest common factor of 300 and 44775?
75
Calculate the highest common divisor of 213945 and 105.
15
Calculate the highest common divisor of 260300 and 76.
76
What is the highest common factor of 470 and 38446?
94
What is the greatest common divisor of 612 and 658308?
204
What is the highest common divisor of 22 and 162822?
22
Calculate the greatest common factor of 899 and 2077.
31
Calculate the greatest common factor of 399 and 592401.
57
What is the highest common divisor of 295978 and 664?
166
Calculate the greatest common factor of 7930 and 915.
305
What is the greatest common factor of 5848 and 118336?
344
What is the greatest common divisor of 3072 and 9376?
32
What is the highest common factor of 828 and 14940?
36
Calculate the greatest common divisor of 174 and 1140367.
29
What is the greatest common divisor of 4414 and 10?
2
Calculate the highest common factor of 192 and 11984.
16
What is the highest common divisor of 8344 and 42?
14
Calculate the greatest common divisor of 217218 and 1599.
123
Calculate the highest common factor of 30527 and 445.
89
What is the greatest common factor of 170117 and 7111?
547
What is the greatest common divisor of 78 and 29926?
26
Calculate the highest common divisor of 6566 and 12334.
14
Calculate the greatest common divisor of 282 and 90663.
141
What is the highest common factor of 2482 and 30806?
146
Calculate the greatest common factor of 599340 and 140.
140
What is the highest common divisor of 7 and 16639147?
7
Calculate the highest common divisor of 14775 and 6000.
75
Calculate the greatest common factor of 76 and 27422548.
76
What is the greatest common fac